se
Let j = 8290 - 4422. Suppose -r + j + 6133 = 0. Is r composite?
True
Suppose -15*b + 148413 + 2057682 = 0. Is b composite?
False
Suppose -7631 = -k + 4*u, -2*k + u + 38193 = 3*k. Is 100/(-100)*(0/1 - k) composite?
False
Let w = -218407 + 492264. Is w a composite number?
False
Suppose 14 + 31 = -15*u. Let r(n) = -2*n**2 - 7*n. Let t be r(u). Suppose -2*h - l - 663 = -t*h, 4*l + 1985 = 3*h. Is h composite?
True
Let a(y) = 462*y - 71. Suppose -4 = -8*x + 52. Is a(x) a composite number?
False
Suppose b + 2*n - 70741 = 0, 13*b + 3*n - 282994 = 9*b. Is b a composite number?
False
Suppose 2*v - 3650 - 2504 = 0. Suppose -c = 4*q - 2837, -5*c + q + 11150 = -v. Is c prime?
False
Suppose -6*c = 31 - 43. Suppose 0*b - 2*b + 1620 = 2*h, c*h = 3*b - 2455. Is b prime?
False
Let u(g) = -g**3 + 22*g**2 - 16*g - 25. Let f be u(21). Let t = f + 445. Suppose -4*x + 3*h + 2*h + 2064 = 0, -t = -x - h. Is x prime?
True
Let v(n) = 8*n**2 + 38*n + 713. Is v(-16) a composite number?
False
Let p = -79019 + 123034. Suppose 0 = -12*f + 17*f - p. Is f composite?
False
Let c = 346 - 332. Suppose 46554 - 163048 = -c*y. Is y a composite number?
True
Let i = -23 - -25. Let z(c) = 3*c**2 + 2 - 55*c + 0*c**i + 61*c. Is z(-9) composite?
False
Suppose -5*n + 303*a + 4819736 = 300*a, -3*n - 4*a + 2891801 = 0. Is n prime?
True
Suppose -8307 = -8*n - n. Let d = n + 359. Is d a prime number?
False
Let v = -836 + 1219. Let w(s) = s**2 - 2*s + 4. Let u be w(0). Suppose u*k = -3*a + 2*k + v, 5*k = -2*a + 237. Is a a prime number?
True
Suppose 5*v + 5*y - 1333 = -6303, -3 = 3*y. Let g = v - -4200. Is g composite?
True
Let l(b) = 1947*b + 5957. Is l(22) prime?
False
Suppose 3*y - z - 3*z - 18721 = 0, 18725 = 3*y - 2*z. Let m be 4 + 3*y/9. Suppose 0*i - 3*i + m = 0. Is i a composite number?
True
Let z(x) = 22*x**2 - 18*x - 15. Let o be z(7). Suppose -2*b = o - 7943. Is b a prime number?
False
Is (1/(-6) - (-772797650)/2100) + (-2)/(-7) composite?
True
Suppose 41*w = w + 4267440. Suppose 12*t - 33198 = w. Is t composite?
False
Let h(c) = -27 - 7*c + 0*c - 17. Let t be h(-7). Suppose -6 = -t*n - 1, -m + 975 = 2*n. Is m composite?
True
Suppose -3*l + 2*m = 1327, -6*m + 3*m = 4*l + 1775. Let x = -802 - l. Let a = -226 - x. Is a composite?
True
Let t = -473 - -474. Let d(h) be the third derivative of 253*h**4/24 - 2*h**2. Is d(t) a prime number?
False
Let i be (-2)/7 - (-5298)/21. Suppose 0 = 5*l - 7*l + i. Suppose l*s + 1702 = 128*s. Is s a prime number?
False
Suppose -84348 = -5*u + j, u - 1409*j + 1406*j - 16850 = 0. Is u a prime number?
True
Suppose -4*z + 41218 + 66174 = 0. Suppose -z = -q + p, 101*q - 2*p + 80559 = 104*q. Is q composite?
True
Let i = 66537 + 220136. Is i a prime number?
True
Let w(p) = p**3 - 3*p**2 + 3*p. Let z be w(2). Suppose r - 4 + 6 = z*c, -4*r - 2 = -5*c. Is (-1)/r*9528/(-6) composite?
True
Let f be (-1)/(3/9*1) - 1007. Let d = f + 2022. Suppose 18 = 5*m - d. Is m a composite number?
True
Suppose 5*w = -5, 3*q - 4*w - 364766 = 31856. Is q composite?
True
Let a(k) = 20*k**2 - 14*k - 33. Let c be a(-7). Suppose -d + c = 4*d. Is d prime?
False
Suppose y - 18 = -3*b + 4*y, -2*b - 5*y - 16 = 0. Suppose 0*g - 6 = b*g, -p = 4*g - 1753. Is p composite?
True
Let n(r) = -86*r - 7. Let o be 84 + (-1 - (1 - 3))*2. Let b = -89 + o. Is n(b) prime?
True
Let y(j) be the first derivative of -j**4/4 + j**3 + 13*j**2/2 - 3*j - 15. Let n be y(5). Suppose -998 - 11 = -4*k - a, 4*a + n = 0. Is k prime?
False
Let r(g) = 3080*g**2 - 48*g + 203. Is r(6) a prime number?
False
Suppose -5*x - 46 = -w, 5*w + 2*x - 61 = 34. Is (-25 + w)*((-11730)/8 - -2) a prime number?
True
Let i(z) = 247*z - 81. Let d be i(-26). Let g = -3541 - d. Is g a composite number?
True
Let p(i) = 10022*i**2 + 1163*i + 9243. Is p(-8) a composite number?
True
Let p be -3 + (5 - 1) + -18266. Is p/(-10) - (-15)/6 a composite number?
True
Let w = 51 + 2. Let n(s) = -3*s + w - 76 - 7*s. Is n(-15) a prime number?
True
Let b(q) = -6*q - 202. Let g be b(-33). Is (-22003)/g - 75/(-300) composite?
False
Suppose -860865 = -35*v + 6*v. Suppose 18*c = 21*c - v. Is c prime?
False
Suppose 10*p - 3 = 7*p, 3*h - p + 2287 = 0. Let q = 5015 + h. Is q a prime number?
True
Let x(g) be the first derivative of -3*g**4/2 - 4*g**3/3 - g**2/2 - 9*g + 9. Let h be x(-4). Let b = h + -158. Is b composite?
False
Suppose -4*v = 3*x - 6287, 0 = v - 4*x - 0*x - 1567. Suppose -2*j = 3*k - v, 4*j + 4*k + 381 - 3513 = 0. Is j composite?
True
Let i = 381 - -101030. Is i prime?
True
Suppose -77*b = 216*b - 5905562 - 38248659. Is b a prime number?
True
Suppose 0 = 136*n - 140*n + 218876. Is n prime?
False
Let x(u) = -392*u - 5. Let h(n) = 196*n + 3. Let m(d) = -5*h(d) - 2*x(d). Suppose 66 = -18*z + 9*z - 13*z. Is m(z) a composite number?
True
Suppose -75635 = -20*s + 16665. Let o = s + -3078. Is o composite?
True
Let z be 7 + (4 - 4) + 3612. Let n = z - 348. Is n a composite number?
False
Suppose u + 3*s = 630997, 4*s - 5*s = 0. Is u a prime number?
True
Suppose -271*h = -246*h - 4154575. Is h a prime number?
True
Let b be 12/(-20)*10*(-3)/6. Suppose b*p - 4*p = -102. Let s = p - 28. Is s composite?
True
Let n(w) = -81*w**3 - 21*w**2 - 127*w + 73. Is n(-10) a composite number?
True
Is (-572302)/(-6) - (1 - 7/(3 - -18)) composite?
False
Suppose -27*o - 48*o + 92745085 = 40*o. Is o composite?
True
Suppose 9*l + 33021 = 90000. Is l a composite number?
True
Let h = -1842 - -973. Let d = h - -1745. Suppose 9*w + d = 13*w. Is w a prime number?
False
Suppose -71*v - 4*v = -4802925. Is v a composite number?
True
Suppose 5*c - 600979 = -9*p, 3*p - 240394 = -0*c - 2*c. Is c composite?
True
Let u(p) = -9*p - 6. Let w be u(-1). Suppose w*b = -9*b + 12264. Let d = b + 521. Is d a composite number?
False
Let x(f) = -f**2 - 13*f + 55. Let v be x(-16). Suppose -v*z - 4*z = -227799. Is -2*(z/6)/(-9) composite?
True
Let c(u) = 2*u**2 + 10*u - 26. Let o be c(6). Suppose 0 = 4*l - 961 - 171. Let w = l + o. Is w a composite number?
False
Is 17*9151 + (-96)/((-72)/(-6)) a prime number?
False
Let k(g) = g - 1. Let v(j) = 157*j - 21. Let p(f) = 105*f - 14. Let q(w) = -7*p(w) + 5*v(w). Let l(n) = -5*k(n) + q(n). Is l(3) a prime number?
False
Let i = 40 - 40. Suppose s = 4*s - 129. Is (8 + s)*(i + 1) prime?
False
Suppose -117*f = -121*f + 3160. Let o = 6557 - f. Is o a composite number?
True
Suppose 4*h - 38368 = -9*x, 37*x - 33*x - 9585 = -h. Is h composite?
False
Suppose 8 = 4*g - 4*q, 5*g + 22*q - 50 = 17*q. Suppose 0*p = g*p - 39222. Is p prime?
False
Let t be ((-6)/9*16)/((-38)/6783). Suppose -3*f + 2741 = 4*r, 4*f - 4*r + t = 5540. Is f a composite number?
False
Suppose 3*v = 5*f + 39, -3*f = v - 8*f - 13. Suppose 3385 - 9950 = -v*o. Is o a composite number?
True
Suppose 5*r + n = 938, 3*r = -6*n + 3*n + 570. Suppose 7*q + 58 = -r. Is (-3)/(-15) - 6188/q a prime number?
False
Let j(q) = -172*q + q**2 + 4 + 346*q - 171*q. Is j(6) prime?
False
Suppose 0*x - 5*r + 4412 = 4*x, -2*x - r + 2206 = 0. Let b = x - -1050. Is b composite?
False
Let b(q) = -q**2 - 13*q - 12. Let u be b(-11). Let t be u/((5 - 5) + -2). Is 3275 + t/(-15)*6 a composite number?
True
Is -12 - (-82)/7 - ((-9502266)/14 - -2) a prime number?
True
Let j(c) = -2*c**2 + 7*c - 1. Let i be j(3). Is (-2 + (-2627)/i)/((-39)/52) prime?
False
Let n = 1045 + -1047. Let q(x) = 8767*x**2 + 24*x + 51. Is q(n) prime?
False
Let s(j) = j**3 + 8*j**2 - 10*j - 11. Let m be s(-9). Let c be (0*m/6)/(-2). Suppose -r + 141 = 5*q, 5*q + 191 = r - c*r. Is r a composite number?
True
Let z = 820 + -816. Suppose 43850 = 4*d - w, d + z*w = 2*w + 10967. Is d prime?
False
Is (-102)/663 - (-1173421)/13 a prime number?
True
Suppose -v = -6*v + 18200. Suppose -5*w = -4*y - 11225, -w + 1560 + 686 = -y. Let a = v - w. Is a composite?
False
Let w(x) = 7*x**3 + 6*x**2 - 5*x + 1. Let d be w(-2). Is 102/(-357) - (-2 + 1008321/d) a prime number?
True
Suppose -8*i = -32 - 48. Suppose -36*c + 34*c = -i. Is c + 40/(-5) + 1388 prime?
False
Let o(f) = 94*f**2 - 87*f + 3. Is o(8) a composite number?
False
Suppose 4*i = -0*i - 5*m + 12, -15 = -5*i + 5*m. Suppose -166*l + 349 = -149. Suppose g + t = 2*t + 393, -i*t = l*g - 1155. Is g a composite number?
False
Let h(v) = -86*v**2 + 25*v - 12. Let a(f) = 42*f**2 - 12*f + 5. Let b(j) = -7*a(j) - 4*h(j). Is